hat is a - -59?
63
In base 5, what is 22 - 2110?
-2033
In base 16, what is -1 - -48?
47
In base 3, what is -12022 + -10?
-12102
In base 15, what is -2 - ab?
-ad
In base 11, what is -47 - 29?
-75
In base 4, what is -22303303 - 0?
-22303303
In base 4, what is 0 + -10?
-10
In base 16, what is 1 - 6?
-5
In base 3, what is 11 + 2102?
2120
In base 10, what is -332 + -67?
-399
In base 7, what is 0 - -142?
142
In base 10, what is -18 - -631?
613
In base 9, what is 322 + 20?
342
In base 10, what is 493 + 18?
511
In base 7, what is -2 - 256?
-261
In base 4, what is -2 + 313320?
313312
In base 11, what is -565 - 5?
-56a
In base 15, what is -24 + d4?
b0
In base 4, what is -2 + 0?
-2
In base 3, what is -10 + -10020002?
-10020012
In base 16, what is 1 - 26?
-25
In base 10, what is 3 - 70?
-67
In base 16, what is -8 + -133?
-13b
In base 2, what is -1 - 110001111?
-110010000
In base 12, what is -10 + -16?
-26
In base 14, what is -c - -81?
73
In base 9, what is -1 + 264?
263
In base 4, what is 1011223 - 1?
1011222
In base 13, what is 4 + -611?
-60a
In base 6, what is -4 + 504?
500
In base 6, what is 11231 + 3?
11234
In base 12, what is -18 - 5?
-21
In base 4, what is -103 - -21?
-22
In base 2, what is -1000001101 - -1?
-1000001100
In base 12, what is 28a + 0?
28a
In base 15, what is -e2 - -a2?
-40
In base 8, what is -10 + -237?
-247
In base 7, what is -2134 + 2?
-2132
In base 15, what is -14 + -303?
-317
In base 5, what is 200 + -111?
34
In base 13, what is -50c + -3?
-512
In base 9, what is -32 + -37?
-70
In base 11, what is -1111 + a?
-1102
In base 12, what is -3 - 514?
-517
In base 9, what is -62 + 4?
-57
In base 3, what is -121 - 2?
-200
In base 5, what is -1433 - 1?
-1434
In base 10, what is 54 + 0?
54
In base 4, what is -1032 - 10?
-1102
In base 10, what is -1161 + -4?
-1165
In base 16, what is 1f7 + -12?
1e5
In base 9, what is 8 - 5?
3
In base 7, what is 2 + 31466?
31501
In base 6, what is -1142 - 31?
-1213
In base 7, what is 4110 - 1?
4106
In base 7, what is 204 + 54?
261
In base 10, what is -16 + -29?
-45
In base 16, what is 2 - -62?
64
In base 6, what is -4033 - 1?
-4034
In base 10, what is -625 + 12?
-613
In base 7, what is 40 - -4?
44
In base 4, what is -10 + 1012?
1002
In base 8, what is -26360 - 0?
-26360
In base 9, what is 4 + 20?
24
In base 5, what is 0 + -344?
-344
In base 2, what is 101001 + -1?
101000
In base 6, what is 22 + 0?
22
In base 5, what is 114 - 0?
114
In base 9, what is -41 - -31?
-10
In base 8, what is -4 - 454?
-460
In base 10, what is 2408 + 2?
2410
In base 15, what is b + 361?
36c
In base 11, what is -68 - -89?
21
In base 7, what is 133 + -3?
130
In base 3, what is -1021010 - 1?
-1021011
In base 6, what is 4 - 302?
-254
In base 2, what is -1 + -101?
-110
In base 13, what is -1a - -5?
-15
In base 2, what is 10 + 100000?
100010
In base 13, what is 7 + -3?
4
In base 16, what is -95 + 3?
-92
In base 8, what is -24 + 17?
-5
In base 7, what is -5 + -12646?
-12654
In base 9, what is -10 - -2073?
2063
In base 12, what is -84a7 - 4?
-84ab
In base 5, what is -11 - 20?
-31
In base 6, what is 255 - 23?
232
In base 14, what is 2d - 2?
2b
In base 8, what is -1743 + 5?
-1736
In base 15, what is 0 + 35b?
35b
In base 13, what is 3 + -8a?
-87
In base 6, what is 4 - 503?
-455
In base 11, what is -22163 + -4?
-22167
In base 6, what is -5 - 20354?
-20403
In base 11, what is -56 - 463?
-509
In base 9, what is 47 + 2?
50
In base 3, what is 102 + 211?
1020
In base 10, what is 1 + 3?
4
In base 3, what is -102 + 100200?
100021
In base 11, what is -163 - 75?
-228
In base 2, what is -111110011 - 10?
-111110101
In base 4, what is 10 + -1?
3
In base 14, what is -c4b + -3?
-c50
In base 16, what is 8 + 81?
89
In base 10, what is 1742 - -2?
1744
In base 13, what is -3 - -b31?
b2b
In base 4, what is -103 - -110?
1
In base 4, what is 30131 - 1?
30130
In base 16, what is -11c + -2?
-11e
In base 5, what is 212 + 31?
243
In base 3, what is 2 + -10102?
-10100
In base 14, what is -3 - 15?
-18
In base 11, what is -187 + 6?
-181
In base 11, what is 5 + -756?
-751
In base 12, what is -23a + 2?
-238
In base 5, what is 30 + -13?
12
In base 11, what is -987a - 0?
-987a
In base 7, what is -1451 + -3?
-1454
In base 2, what is -11001101 + 1?
-11001100
In base 6, what is 500 - -1?
501
In base 14, what is 1 + 57?
58
In base 6, what is -5 + -11434?
-11443
In base 2, what is 100111 - 101000110?
-100011111
In base 13, what is 9 - 33?
-27
In base 12, what is 4 + -935?
-931
In base 5, what is 10 + 4313?
4323
In base 12, what is 30 - -3?
33
In base 13, what is -4 - 3b?
-42
In base 8, what is 26 - -303?
331
In base 5, what is 1 + 2334?
2340
In base 14, what is c + 185?
193
In base 7, what is 3 - 4030?
-4024
In base 14, what is -111a + -1?
-111b
In base 9, what is 866 + 0?
866
In base 5, what is 10210 + -23?
10132
In base 7, what is -11341 - 2?
-11343
In base 14, what is -4 - -14b9?
14b5
In base 10, what is 1206 + -4?
1202
In base 13, what is 68 + -4?
64
In base 16, what is -3 + -6e?
-71
In base 8, what is -40 - 12?
-52
In base 12, what is 4 - 339?
-335
In base 8, what is 6 + 1?
7
In base 3, what is -1100 + -1?
-1101
In base 2, what is 101011011001 - 10?
101011010111
In base 11, what is 95 - -1?
96
In base 13, what is 423 - 8?
418
In base 13, what is -9 - 30?
-39
In base 4, what is 1110231 - -3?
1110300
In base 14, what is -4 - -19?
15
In base 7, what is 4 - 101?
-64
In base 11, what is -17 + -1a?
-36
In base 15, what is -240 - -1?
-23e
In base 14, what is -11 + 73?
62
In base 2, what is 11 + -101100?
-101001
In base 15, what is 5 + 78?
7d
In base 15, what is -e64 - -2?
-e62
In base 9, what is -3175 - 3?
-3178
In base 14, what is -4 + -1c64?
-1c68
In base 3, what is 21 + -112?
-21
In base 12, what is -157 - -3?
-154
In base 9, what is 4 - -25?
30
In base 14, what is 0 - 66?
-66
In base 8, what is -5 - -170?
163
In base 6, what is 12 + -3020?
-3004
In base 13, what is -1 - 18?
-19
In base 7, what is 3 - -200?
203
In base 5, what is -13 - 0?
-13
In base 10, what is 0 - 11?
-11
In base 2, what is -1100 + 10100111000?
10100101100
In base 9, what is 3 - -85?
88
In base 16, what is -2a + -e6?
-110
In base 8, what is -223 + 11?
-212
In base 6, what is -2 - -45?
43
In base 6, what is 142 + 0?
142
In base 4, what is 10313 + 311?
11230
In base 3, what is 12020 - 110?
11210
In base 10, what is 1 + 2176?
2177
In base 15, what is -6 + -5?
-b
In base 3, what is 20 - 22?
-2
In base 14, what is 29 + 22?
4b
In base 7, what is 6 - 11?
-2
In base 10, what is 24 - -65?
89
In base 7, what is 0 + 202?
202
In base 14, what is -25 - -8?
-1b
In base 7, what is 5 - -442?
450
In base 7, what is 20 + 1251?
1301
In base 5, what is -10 + 42?
32
In base 16, what is 2 + 3a?
3c
In base 16, what is -33 - 34?
-67
In base 8, what is 4 + -432?
-426
In base 14, what is -5 - -1a4?
19d
In base 13, what is 2 - 369?
-367
In base 11, what is 4 - 100?
-a7
In base 14, what is 43 + -2?
41
In base 13, what is -2 - 3c5?
-3c7
In base 13, what is -2 - 980?
-982
In base 12, what is 1 - -24?
25
In base 5, what is -3 + 1103?
1100
In base 12, what is 17b - -8?
187
In base 11, what is 1a8 - 5?
1a3
In base 4, what is 0 - 211?
-211
In base 14, what is 5 - 78?
-73
In base 11, what is 2 + -1821?
-181a
In base 4, what is -111311 - 1?
-111312
In base 2, what is -100 + 101010010010?
101010001110
In base 7, what is -5 + -243?
-251
In base 8, what is -674 + 6?
-666
In base 6, what is -11 + -14?
-25
In base 4, what is -10 + 2300?
2230
In base 15, what is 2 - 104?
-102
In base 14, what is 805 + 4?
809
In base 10, what is 38 - 586?
-548
In base 2, what is 1101100 - -100?
1110000
In base 15, what is -3 + 150?
14c
In base 9, what is 5 - 5057?
-5052
In base 10, what is -317 + -6?
-323
In base 13, what is -2 - -624?
622
In base 14, what is 3 + 66?
69
In base 16, what is 13a + 0?
13a
In base 9, what is -3 + 35?
32
In base 12, what is -1 + 18?
17
In base 10, what is 3 + 9?
12
In base 3, what is 12210 + -20?
12120
In base 9, what is -4 + -86?
-101
In base 13, what is -1957 - -4?
-1953
In base 13, what is -b + 113?
105
In base 14, what is 0 - -ab1?
ab1
In base 9, what is -161 + 17?
-143
In base 8, what is -650 + -1?
-651
In base 5, what is 13222 + 10?
13232
In base 14, what is -17a + 0?
-17a
In base 7, what is -4556 + -1?
-4560
In base 16, what is -163 